6 + (-30 - (-23 + 10)) + 17?
36
Evaluate -22 + 3 + -2 + -819 + 804.
-36
-136 + 83 + (-3 - -6 - -1 - -8)
-41
Calculate -2 + -13 + (-5 - -12) + -18 - -3 - 8.
-31
Evaluate 1 + -4 + (20 - (-19 - (-20 + -11))) + -55.
-50
What is the value of (5 - -1) + (-3 - (78 - 23))?
-52
-2 + (-11 + -1 - (33 - (31 + 8)))
-8
What is (-23 - -28) + 7 + -18?
-6
-39 - (-33 - (-28 + 22))
-12
What is the value of 21 + -90 - -19 - 24 - (6 + -2)?
-78
Evaluate (-125 - -61) + (1 - -18) + 40 + -44.
-49
Evaluate 94 + -106 + 59 - -84.
131
What is 9 + 70 + -51 - 39?
-11
Evaluate (-43 - 0) + (-446 - -501).
12
Calculate 18 + (-80 + 0 - (-830 - -809)).
-41
What is the value of -39 - (11 - -12 - 63)?
1
What is the value of -94 + 2 - (-11 + (20 - ((-7 - 5) + 10)))?
-103
Evaluate (315 - 332) + (-3 - -3 - 3 - -63).
43
What is -1 + -4 + 9 + (0 - 14 - (-408 - -352))?
46
What is -60 - (34 - 29 - (-1 + 10 + 6))?
-50
Calculate 15 + -8 + 1 + (-4 - (-2 - -1 - 16)).
21
17 + (-15 - 13) + (-3 + 3 - 78) - -1
-88
Calculate (3 - 2) + 0 + (34 - 1) + -2425 + 2430.
39
Calculate 0 + 26 + 97 + -89 + 26.
60
What is the value of 3 - -5 - (393 + -418 + 22 + -2)?
13
What is -24 + (49 - 19) + 0 - (2 + 0 + 39)?
-35
What is 109 + -82 + 2 + -14?
15
-8 - ((-7 - -9) + -26 - -14 - -52)
-50
Calculate -95 + 42 + 7 + -4 + 0.
-50
What is -1828 + 1782 - (-62 - 2)?
18
What is -21 + -3 + (100 - 226) - -21?
-129
Evaluate 19 - (-9 - 37 - -45).
20
Calculate 116 - 6 - (41 + (29 - 55)).
95
What is -23 - (-4 - ((6 - 18) + (-43 - -43)))?
-31
-14 + 15 + -41 + (-4 - -5) + 54 + -52
-37
What is the value of (1 - (-3 + 11)) + (-116 + 161 - (1 + 1))?
36
Calculate ((0 - -25) + (-34 - -26) - (9 + 1)) + 103.
110
Evaluate -1 + (-3 - -5) + 7 - (21 - (31 - 7)).
11
What is the value of -28 - (-35 - 56) - 89?
-26
What is -31 + -8 + 28 + 24?
13
What is the value of -1 - (-9 - (-45 + (10 - -13)))?
-14
Calculate (31 - 0) + (5 - -1 - 14) + (10 - 12).
21
What is 3 + ((-21 - -12) + -5 + 7 - -106) + -7?
95
What is -16 + (-54 - -32) + 53 + (-110 - 2)?
-97
What is the value of 111 + -112 - (0 + 26) - -47?
20
(-1 - 29) + 3 - (-8553 - -8482)
44
What is the value of 0 - (1 + 18 - (-193 - -193) - -64)?
-83
18 - (-55 - -32) - -102
143
What is the value of 35 - (0 + (1 - 5) - -22)?
17
Evaluate -1 + 10 + 10 + 21 + -2.
38
(-11 - (4 - 3 - 11)) + -61 + -2
-64
(-14 - -10) + (3 - -91) - (-183 - -199)
74
Calculate -12 + 7 - ((37 - 24) + 5 - 24).
1
Calculate 9 + (4 - 7) - (-25 + 44) - -3.
-10
-12 - (-14 - (43 + -31))
14
What is the value of -1233 + 1250 - (-44 + -11)?
72
What is the value of 9 + 30 + -32 - (1 - 118)?
124
Evaluate (-78 - (74 + -51)) + 29.
-72
Calculate -51 + 22 + 25 - 38.
-42
51 - (-3 + -2 + 20 + -16 + 5 + -3)
50
What is (-205 - -30) + 27 - -39 - -35?
-74
5 - 4 - 1 - (2 - 9 - -47)
-40
(49 - -1) + -120 + 102 + 11
43
Evaluate -53 - ((26 - (-31 + 53)) + 17).
-74
What is (-25 - (52 + -87)) + -40?
-30
Calculate -3 + -81 - ((-26 - -12) + 1).
-71
What is the value of (-3 - 0) + (-39 - (33 + -50) - (-9 + 0))?
-16
What is the value of (39 - (1 - -23)) + (-5 + 41 + 2 - -4)?
57
(-3 - 112) + 151 - (-1 - -19)
18
What is the value of 0 - ((-10 - -1) + (-313 - -280))?
42
What is (8 - (273 + -262 - (0 + 11 - 2))) + 3?
9
What is 40 + (-174 - -174 - (5 + 2 - 3))?
36
Calculate -8 - (-1 + -1) - (1 - 79 - (208 - 238)).
42
What is the value of (0 + -3 - 0) + -38 + (77 - 43)?
-7
Evaluate -53 - (-4 - (-36 - -16)) - (-4 + -10).
-55
0 - -58 - 3 - ((-18 - -19) + (1 - 1))
54
(1 - 8) + (47 - (24 + 4)) + -61
-49
Calculate 1 + -81 - ((10 - (-25 + 3 + 45)) + 6).
-73
What is the value of -1 - (2 + -77) - (-28 - (-8 + -34) - 4)?
64
What is the value of 5626 + -5647 - (1 + -1 - -21)?
-42
What is the value of 84 + -13 - (-7 + 62)?
16
Evaluate (-422 - -444) + 3 + 1 + -88.
-62
What is -28 - (-17 + (28 - 37 - -53))?
-55
What is the value of (0 - 9) + (32 - 14) + -18 + (-25 - -4)?
-30
What is the value of (3 - (7 - -1)) + (81 - 42)?
34
-16 + 23 + (-13 - -28) + -19
3
What is the value of -4 + 3 + 9 - (36 + (-9 - 25))?
6
Evaluate 2 + 0 + (18 + 2 - (8 - -65)).
-51
38 - ((51 - 60) + 1 + 54)
-8
What is the value of (-52 - -112) + -99 + (3 - 3) + (-1 - 12)?
-52
What is 1064 + -1029 - (4 - -31) - (78 - (2 + -2))?
-78
What is 10 + 9 - (-99 + (-18 - -7))?
129
19 - (-21 + 2 - -12 - (14 - -39))
79
What is 30 - (-29 + -9 + 35) - 122?
-89
What is the value of 967 - 971 - (-2 - -14) - (3 - 0)?
-19
What is -17 - 34 - -78 - -46?
73
-140 + 133 - (22 + -3 + 7 + 0 + -8)
-25
25 + (16 - 30) + -40
-29
What is the value of 12 - 1 - (399 + -654 + 264)?
2
What is the value of -128 + 0 + (34 - 0 - (-65 + 65)) + -39?
-133
Calculate 52 + 28 + -123 - -27.
-16
What is the value of (-4 - (-1 + 0)) + (40 - (-87 + 135))?
-11
What is (15 - 26) + -15 + 8 - 1?
-19
-15 + (-102 - -53 - -23)
-41
Evaluate -39 + (18 - (-47 - -33)) + -43.
-50
Evaluate (146 - (355 + -209)) + 15 + -1.
14
Calculate -893 + 924 + (-1 - (0 - 0)) + 0 + -8.
22
Evaluate 67 - ((58 - 29) + 15).
23
Evaluate (-125 - (89 - 99)) + 210.
95
Calculate (0 - -71) + 20 + -41 + 40 + -21.
69
Evaluate (-602 - -561) + (22 - 1) + 1 + 1 + 3.
-15
(-51 + 71 - -1) + (-2 - 10)
9
What is -1 - 96 - (-8 + -26 + 22 + 3)?
-88
Calculate -20 + 3 + -2093 + 2195.
85
What is -4 + 44 - -3 - (13 - (-16 - -28))?
42
What is 58 - 1 - ((-28 - (-15 - 13)) + (0 - 0))?
57
-48 + -23 + (-16 - -52) + -16
-51
What is 95 + -60 + -50 - 41?
-56
What is the value of (17 - (6 + 30 + -5)) + -5 + 2 - -10?
-7
Calculate (-1 + (-3 + 0 - -54) - (1587 + -1596)) + 10.
69
What is -12448 - -12569 - (1 + 35)?
85
Evaluate -30 + 26 + -36 + 8 + 81.
49
Evaluate 0 + (439 - 521 - (27 + -2)).
-107
(-11 - -32 - 61) + 22
-18
Calculate 25 + (-23 - (28 + -5)).
-21
What is 22202 + -22206 + (-1 + 1 + -1 - 31) + 8?
-28
Evaluate -14 + -40 + -4 - (23 + -5).
-76
What is the value of -2 - (-1 - -1) - (-49 + 24 + -60 + 27)?
56
What is -1473 - -1416 - (0 - -2)?
-59
Evaluate (-129 - -248 - 206) + 25 + -1.
-63
What is the value of 0 + (-6 - 7) + (-2 - -4 - -3) + -9?
-17
Calculate -64 - (5 + -52 - 66).
49
Calculate (-85 - (59 + -122)) + (-56 - (3 - 1)).
-80
What is the value of (9 + -1 + -1 - (716 + -699)) + 18 + -138?
-130
Calculate -14 + -3 + 4 + (-1378 - -1386) + 1.
-4
Calculate 470 + -432 - (168 - (-3 - -1)).
-132
Calculate -27 + (17 + 13 + -34 - -85).
54
What is (21 + 44 - 141) + 59?
-17
What is -9 - -5 - -6 - (65 + -111)?
48
Evaluate -161 - (-113 + (113 - 66)).
-95
What is the value of 40 - 32 - (7 + -16 - -26)?
-9
Evaluate 1 + 4 + (6 - 3) + (2 - (0 + 55)).
-45
What is -21 + 34 - (44 - -9)?
-40
What is 81 - 122 - -49 - 42?
-34
Calculate -33 - (-12 + -14 + -92).
85
What is the value of -1 + -2 + 0 - (36 - (25 + (37 - 4)))?
19
Evaluate -6 - (-12 - -26) - -3 - -25.
8
What is the value of 10 - (152 - (145 - 78))?
-75
What is 11 + -5 + -94 + 16 + (-11 - (-12 - -17))?
-88
What is the value of 56 + -103 + (13 - -23)?
-11
What is (1 - 34 - -109) + (-4 - 33)?
39
What is -6 + (11 - 18) - -19 - -13?
19
(-38 - (-22 + 35)) + (0 - -11)
-40
What is the value of 111 + 116 + (77 - 281)?
23
Evaluate -53 + -1 + 34 + -40 - (-3 - 5).
-52
Calculate -1053 + 1012 + 2 + 90.
51
What is the value of -3 + (-6 + -2 - -16) + (-10 - -8) - 103?
-100
47 - (122 - 76) - ((-20 - 1) + 1)
21
Calculate -6 + 1 + -7 + -5 + -4 + 83.
62
Calculate 1120 - 1147 - (82 - (3 - -1)).
-105
What is the value of 2 - (-3 - -5) - -3 - (70 - 5) - -7?
-55
Calculate 24 + (17 - 39) - (2 - (57 + -1)).
56
-67 - (21 + (8 - 75)) - -162
141
Evaluate 0 + (0 - 13) + (351 + -311 - (33 + 2)).
-8
What is the value of (-11 - (13 - (-5 + 26 + -7))) + 4 - 0?
-6
Evaluate 15 + (-16 - (-7 - 63)) - 22.
47
Calculate -14 - (6 - (-18 + -11)) - 15.
-64
What is 94 - (1 - -15 - (-65 + 152 - 94))?
71
What is 38 - (18 - -36 - 1) - 93?
-108
What is (-1 + -2 - (-1 - -6)) + (11 - 10)?
-7
What is the value of -23 - (24 + -3 - (26 - (3 + 14)))?
-35
0 - (2 - -12 - -16) - (10 + -7 - -9)
-42
21 + (-8 - 21) - 9 - (62 - 7)
-72
Calculate -510 + 538 + (2 - 1).
29
What is the value of (-1 - (-12 - -41 - -3)) + -16?
-49
((0 - -3) + (6 - 10) - 99) + -959 + 975
-84
What is the value of -101 + 117 + 2 + 17 - (24 + (-3 - 6))?
20
Evaluate (-4 + (0 - -3) - -44) + (-3041 - -3034).
36
(-2 - -2) + -7 + -2398 + 2360 + -1 + 119
73
What is 5979 + -5944 + -128 + 1?
-92
What is the value of -2 + (13 - 3) - 9 - -3 - (-3 + 20)?
-15
Eva